303 is divided by 16824?
183
Calculate the remainder when 9591996 is divided by 100.
96
What is the remainder when 4481839 is divided by 9054?
109
What is the remainder when 1543317875 is divided by 37?
34
Calculate the remainder when 369672 is divided by 24608.
552
What is the remainder when 608219 is divided by 229?
224
Calculate the remainder when 2397173 is divided by 520.
493
What is the remainder when 44434 is divided by 6829?
3460
Calculate the remainder when 3673063 is divided by 154.
9
What is the remainder when 453433 is divided by 21588?
85
Calculate the remainder when 979207 is divided by 2774.
2759
What is the remainder when 106436698 is divided by 900?
898
Calculate the remainder when 1034774 is divided by 129341.
46
Calculate the remainder when 658334 is divided by 164524.
238
What is the remainder when 3147831 is divided by 155?
91
What is the remainder when 34539 is divided by 4329?
4236
Calculate the remainder when 226996 is divided by 5674.
36
Calculate the remainder when 235492 is divided by 247.
101
Calculate the remainder when 14923398 is divided by 7461688.
22
Calculate the remainder when 509413 is divided by 4.
1
Calculate the remainder when 584301 is divided by 1623.
21
Calculate the remainder when 295843 is divided by 146756.
2331
What is the remainder when 32976029 is divided by 1627?
1620
What is the remainder when 5473699 is divided by 190?
179
What is the remainder when 29163696 is divided by 6455?
6
What is the remainder when 3284120 is divided by 1094696?
32
What is the remainder when 7773383 is divided by 11?
2
What is the remainder when 59499332 is divided by 38?
34
What is the remainder when 12219573 is divided by 664?
645
What is the remainder when 18073515 is divided by 1643046?
9
Calculate the remainder when 10044783 is divided by 1190.
1183
Calculate the remainder when 1577808 is divided by 42643.
17
What is the remainder when 3192381 is divided by 18347?
3
Calculate the remainder when 24949870 is divided by 125.
120
Calculate the remainder when 35456 is divided by 49.
29
Calculate the remainder when 353395 is divided by 148.
119
Calculate the remainder when 168228602 is divided by 999.
998
What is the remainder when 9337001 is divided by 5058?
4991
Calculate the remainder when 164001 is divided by 40898.
409
What is the remainder when 333168 is divided by 83143?
596
What is the remainder when 18387443 is divided by 1896?
35
Calculate the remainder when 103997324 is divided by 48.
44
Calculate the remainder when 28736621 is divided by 31.
24
What is the remainder when 23046507 is divided by 675?
657
Calculate the remainder when 230741308 is divided by 13.
5
Calculate the remainder when 755100 is divided by 1202.
244
What is the remainder when 234145 is divided by 1053?
379
Calculate the remainder when 261234 is divided by 10068.
9534
What is the remainder when 947972 is divided by 160?
132
Calculate the remainder when 92104 is divided by 498.
472
Calculate the remainder when 309120 is divided by 120.
0
Calculate the remainder when 1212433 is divided by 237.
178
What is the remainder when 209309 is divided by 41828?
169
Calculate the remainder when 8297392 is divided by 21.
19
Calculate the remainder when 71684 is divided by 14114.
1114
What is the remainder when 7762422 is divided by 97?
94
What is the remainder when 16073560 is divided by 103700?
60
What is the remainder when 3933759 is divided by 1706?
1429
What is the remainder when 52849888 is divided by 136?
16
What is the remainder when 592094 is divided by 39469?
59
What is the remainder when 348569 is divided by 171194?
6181
What is the remainder when 18548760 is divided by 2039?
2016
Calculate the remainder when 2937492 is divided by 2937113.
379
Calculate the remainder when 11568791 is divided by 47.
23
Calculate the remainder when 300145 is divided by 153.
112
What is the remainder when 28515 is divided by 277?
261
Calculate the remainder when 214827 is divided by 23854.
141
What is the remainder when 2817980 is divided by 5573?
3615
What is the remainder when 6993748 is divided by 131957?
27
Calculate the remainder when 67302 is divided by 32888.
1526
Calculate the remainder when 99667 is divided by 728.
659
What is the remainder when 189536 is divided by 57?
11
What is the remainder when 113077 is divided by 2433?
1159
Calculate the remainder when 90396 is divided by 25.
21
What is the remainder when 44963976 is divided by 125?
101
Calculate the remainder when 284846 is divided by 284798.
48
What is the remainder when 6421581 is divided by 347?
346
What is the remainder when 721137 is divided by 4028?
125
What is the remainder when 1141672 is divided by 138?
136
What is the remainder when 999769 is divided by 254?
25
Calculate the remainder when 9093073 is divided by 1515512.
1
Calculate the remainder when 105194 is divided by 494.
466
What is the remainder when 30469497 is divided by 3?
0
Calculate the remainder when 41335 is divided by 20218.
899
What is the remainder when 595912 is divided by 977?
919
What is the remainder when 354296 is divided by 211?
27
Calculate the remainder when 982870 is divided by 911.
812
Calculate the remainder when 42610951 is divided by 21.
19
Calculate the remainder when 18527532 is divided by 4131.
4128
Calculate the remainder when 620360 is divided by 980.
20
Calculate the remainder when 21006 is divided by 227.
122
What is the remainder when 28498795 is divided by 36?
7
What is the remainder when 293713 is divided by 107?
105
Calculate the remainder when 3261062 is divided by 582.
116
Calculate the remainder when 514906 is divided by 7233.
1363
What is the remainder when 8270 is divided by 879?
359
Calculate the remainder when 3465845519 is divided by 2138.
2135
Calculate the remainder when 275169987 is divided by 2283.
2280
Calculate the remainder when 32379 is divided by 7939.
623
What is the remainder when 50225692 is divided by 107?
106
Calculate the remainder when 111656 is divided by 6509.
1003
Calculate the remainder when 15942 is divided by 238.
234
Calculate the remainder when 20518807 is divided by 109.
102
Calculate the remainder when 24194644 is divided by 34.
6
What is the remainder when 370347 is divided by 72601?
7342
Calculate the remainder when 49754090 is divided by 78.
74
Calculate the remainder when 1328274 is divided by 5511.
123
Calculate the remainder when 9782473 is divided by 233.
201
What is the remainder when 142989 is divided by 45004?
7977
What is the remainder when 2833478 is divided by 69109?
9
Calculate the remainder when 424369250 is divided by 1219.
1218
What is the remainder when 71379 is divided by 1110?
339
Calculate the remainder when 336227 is divided by 4881.
4319
What is the remainder when 16435780 is divided by 25721?
61
What is the remainder when 141033 is divided by 980?
893
Calculate the remainder when 1239075 is divided by 61.
43
Calculate the remainder when 184653 is divided by 46105.
233
Calculate the remainder when 815213 is divided by 498.
485
What is the remainder when 11036 is divided by 4909?
1218
What is the remainder when 4979 is divided by 4042?
937
Calculate the remainder when 11553777 is divided by 3851252.
21
Calculate the remainder when 112171 is divided by 430.
371
What is the remainder when 45081 is divided by 479?
55
Calculate the remainder when 1360010 is divided by 35.
15
What is the remainder when 251224 is divided by 2243?
8
What is the remainder when 1637626 is divided by 20703?
2089
Calculate the remainder when 1044431 is divided by 654.
647
What is the remainder when 3143482 is divided by 392931?
34
Calculate the remainder when 4241529 is divided by 1413381.
1386
Calculate the remainder when 508015 is divided by 2761.
2752
Calculate the remainder when 156604129 is divided by 1203.
1198
What is the remainder when 491531 is divided by 645?
41
Calculate the remainder when 8449353 is divided by 177.
81
What is the remainder when 775398 is divided by 258450?
48
What is the remainder when 27069 is divided by 13314?
441
What is the remainder when 1772505 is divided by 148?
57
What is the remainder when 176059200 is divided by 22?
20
Calculate the remainder when 57550 is divided by 833.
73
Calculate the remainder when 359496 is divided by 21